l = 4*l - n. What is the highest common factor of l and j?
13
Let r(k) = 20*k + 5. Let d(c) = 39*c + 9. Let f(p) = -3*d(p) + 7*r(p). Let u be f(4). What is the highest common factor of u and 40?
20
Suppose 2*q - q - 3*i - 93 = 0, 2*q + 5*i - 142 = 0. Calculate the greatest common factor of 27 and q.
27
Suppose -t = 86 - 294. What is the highest common divisor of t and 16?
16
Let k = 316 + -15. What is the highest common divisor of 43 and k?
43
Suppose -5*u + 8*u = -3. Let n = u - -12. Let t be (1 - 9/(-2))*2. Calculate the greatest common divisor of n and t.
11
Let r(k) = 0*k - 2*k - 2 - k + 2*k**2. Let o be r(3). Suppose -7*t - 55 + 202 = 0. Calculate the highest common divisor of t and o.
7
Let o(i) = 18*i. Let f be o(4). What is the highest common factor of f and 8?
8
Let d(c) = -27*c. Let v be d(-1). Let y(k) = k + 2. Let s be y(2). Suppose 0 = -2*z + s*z - 6. Calculate the highest common factor of z and v.
3
Let m be (0 - -2) + 0 + 1. Suppose 2*h + 11 = m*h. Let b be (-2 + h)/(-3) + 67. What is the highest common divisor of 8 and b?
8
Let z = -212 - -143. Let j(r) = 6*r**2 + 3*r - 2. Let n be j(-5). Let m = n + z. Calculate the greatest common divisor of m and 8.
8
Suppose -2*m - t = t - 8, -2*t = -4*m + 16. Let j(v) = 4*v**2 - 1. Let i be j(-1). Let s = m + i. What is the highest common divisor of s and 35?
7
Let u = 0 - -3. Let s = 6 - u. Let k(b) = -b**3 - b**2 + 4*b - 5. Let z be k(-4). Calculate the highest common factor of s and z.
3
Let i = 1 + -3. Let a be i*1 + (-24)/(-3). Calculate the highest common divisor of a and 9.
3
Let s be 36/(-5)*10/(-3). Let l = -14 + s. Calculate the greatest common divisor of 40 and l.
10
Suppose 3*q + 75 = 6*q. Suppose -2*a = -7*a + q. Suppose 0*i + 5*i - t - 2 = 0, -i + a*t = 14. What is the highest common factor of 3 and i?
1
Suppose x + 11 - 33 = 0. Calculate the greatest common divisor of 198 and x.
22
Suppose -3*d = -2*d + 3*r + 3, -4*r - 7 = d. What is the greatest common factor of 63 and d?
9
Suppose 4*p - 1 = 7. Suppose -2*k = -5*u - 120, 2*u + p*k + 2*k + 48 = 0. Let z = -12 - u. What is the highest common divisor of z and 24?
12
Suppose 0 = -y - u + 13, 0 = -y - u - u + 15. Calculate the greatest common divisor of y and 121.
11
Let o be -4 + (-2 - -2) - -60. What is the highest common factor of o and 8?
8
Let z = 176 - 90. Let o be z/2 + (2 - 1). What is the greatest common divisor of 4 and o?
4
Let k be (-10)/(1*6/3). Let i be 2/k - 21/(-15). What is the greatest common factor of 3 and i?
1
Suppose -a + 2*p = -18 - 35, -2*a = p - 86. Calculate the highest common factor of 18 and a.
9
Let h(w) be the first derivative of -w**2/2 + 5*w + 3. Let i be h(-6). Calculate the highest common factor of i and 44.
11
Let d(b) be the first derivative of b**2/2 - 9*b + 2. Let t be d(12). What is the highest common factor of 6 and t?
3
Let h = 139 + -59. What is the greatest common divisor of 10 and h?
10
Let n = 102 - 638. Let c be (-2)/(-5) + n/(-10). Let q = -16 - -34. Calculate the highest common divisor of q and c.
18
Let u be -9 - -9 - (-88)/2. Calculate the greatest common divisor of 484 and u.
44
Let j(h) = 0 - 3 - h**2 + 2*h**2. Let g be j(-5). Suppose 15*f = 18*f - 264. What is the greatest common factor of f and g?
22
Suppose -2*j = -2, -6*g + 128 = -g + 3*j. Suppose -20 = -2*k - k + 5*u, -3*k = -2*u - 26. Let r = k + -5. What is the highest common factor of r and g?
5
Let m = 2 + 0. Let u be ((-16)/(-12))/((-1)/(-3)). Suppose 4*i = 4*x + 20, -5*i + 2*i - 6 = u*x. Calculate the greatest common factor of i and m.
2
Let y(q) = -q + 10. Let w be y(-8). Let l be -2*1/2*-4. Suppose 103 = 4*f - 5*k, -5*k + 1 + l = 0. What is the greatest common divisor of w and f?
9
Let n be (-6 - -2) + 27 + -5. What is the greatest common factor of n and 144?
18
Let p(r) = -r**3 - 3*r**2 + 4. Let d be p(-3). Suppose -d*z - 64 = -4*i, 29 = 2*i + 2*i + 3*z. What is the highest common divisor of i and 11?
11
Let i = 6 - 4. Let s be i*10*(-2)/(-4). Calculate the greatest common divisor of s and 70.
10
Let a = -17 + 52. Suppose -a = 5*n - 235. Calculate the greatest common factor of n and 16.
8
Let u(t) = t + 8. Let m be u(-7). Let z be 81/12 + m/4. What is the highest common factor of z and 77?
7
Let o = -29 + 56. What is the highest common factor of 9 and o?
9
Let a(t) = 13*t - 4. Let c be a(3). Calculate the highest common divisor of 5 and c.
5
Suppose 2*g + 5 = 4*u + 23, 5*g + 3*u - 45 = 0. Suppose -i + 11 = -g. Calculate the greatest common factor of 10 and i.
10
Suppose 0 = 3*b - 3 + 30. Let m(a) = -a. Let o be m(b). Suppose 0 = -j + g + o, -2*g + 4*g + 8 = 0. Calculate the highest common divisor of j and 15.
5
Let a(g) be the third derivative of g**5/30 - g**4/12 - g**3 - g**2. Let y be a(6). Calculate the greatest common factor of y and 6.
6
Let b = -27 + 51. What is the greatest common divisor of b and 16?
8
Let r(x) = -2*x - 11. Let c be r(-8). Let v = 30 + -5. What is the greatest common divisor of c and v?
5
Let q(h) = 2*h**3 - 8*h**2 + 8*h + 7. Let g be q(4). Calculate the highest common factor of 26 and g.
13
Let b(q) = 4*q**2 - 2*q. Let s be b(1). Suppose 0 = 3*i - 3*h - 714, h + 491 = s*i + 2*h. Calculate the greatest common divisor of 27 and i.
27
Let c be 2/(-6) + (-15336)/(-81). Calculate the greatest common factor of c and 27.
27
Let b(q) = q + 2. Let w be b(0). What is the highest common divisor of 4 and w?
2
Let m(p) = p**3 - p**2 - 1. Let b be m(3). Let l = b + -9. What is the highest common divisor of l and 20?
4
Let g be (-13 - -1)*7/(-21). Calculate the highest common divisor of 36 and g.
4
Suppose 2*n + 0*n + 22 = -2*k, -n = -5*k - 25. Suppose 0 = 2*g - 0*g + 104. Let p be 4/k + g/(-6). What is the highest common divisor of p and 16?
8
Let v = 201 + 86. Let c be v/28 + (-6)/(-8). What is the highest common divisor of 77 and c?
11
Let g be -1 + (-25)/(-20) + (-79)/(-4). What is the highest common divisor of g and 40?
20
Let t = 6 + -4. Let h be 2 - (3*2 - t). Let j be (-18)/(2 + 5/h). Calculate the highest common factor of j and 9.
9
Suppose 0 = -2*q + 4*n + 10, 5*q + 3 - 54 = -3*n. Let j(v) = v**2 + 5*v - 5. Let f be j(-7). Calculate the highest common divisor of q and f.
9
Let s = 3 - -7. Let h = s + -6. What is the greatest common factor of h and 8?
4
Let a = 100 - 59. Suppose 11 = 4*g - a. Calculate the highest common divisor of g and 104.
13
Let f = -3 - -6. Suppose f*n + 11 = 4*r - 24, 2*n = 4*r - 34. Let h = -6 + r. Calculate the greatest common factor of 4 and h.
2
Let x = -22 - -88. Calculate the greatest common divisor of x and 6.
6
Suppose 0 = 2*z - z - 5. Suppose -2*t = -k - 353, 8*t = 3*t + z*k + 875. Let s = 313 - t. What is the highest common divisor of s and 15?
15
Suppose -6*g = -2*g - 980. Calculate the greatest common divisor of 35 and g.
35
Let l(b) = 3*b + 12. Let x be (-3 - -2) + (-1 - -11). Let g be l(x). What is the highest common divisor of g and 26?
13
Suppose 6*y - 216 = 3*y. What is the greatest common factor of 18 and y?
18
Let s be 12/30 - 83/(-5). Let z = 86 - 52. Calculate the greatest common factor of s and z.
17
Suppose 3*o - 3 - 6 = 0. Suppose 3*k = -0*k + 9. Calculate the highest common divisor of k and o.
3
Let d be 3 + 2 + 2/2. Suppose -d*f + 2*f = 12. Let c be (-48 + f)*(1 - 2). Calculate the greatest common factor of c and 17.
17
Let p be (90/(-25))/(18/(-120)). What is the greatest common divisor of 216 and p?
24
Suppose 0 = -5*a + 3*a + 140. Let k = -25 + a. Let u be (-3 - -1)/((-4)/10). Calculate the highest common factor of k and u.
5
Let b(n) = 6*n + 24. Let v be b(10). What is the greatest common divisor of v and 56?
28
Suppose 0 = -0*l + 3*l - a - 72, -3*a = -9. Calculate the highest common divisor of 125 and l.
25
Let x be -10*(-2 - (-1 - -1)). Calculate the highest common factor of x and 20.
20
Suppose -15*u + 43 = -14*u. Calculate the greatest common factor of 473 and u.
43
Let y(h) = -2*h + 10. Let s be y(-3). Let w = 25 - -15. Calculate the greatest common divisor of s and w.
8
Let x be (20/6)/(2/12). Let o(q) = 2*q - 14. Let j be o(11). Calculate the greatest common factor of j and x.
4
Let x be (-212)/(-6) - (-3)/(-9). Suppose -3*z + z + 10 = 0. Suppose 0*m - m = -z. Calculate the greatest common factor of x and m.
5
Let k be 8/(-2) - (